culate the greatest common divisor of 105 and w.
105
Let o = 10 + -10. Suppose -5*g + k + 0 = 202, -3*g - 4*k - 112 = o. Let n = 72 + g. What is the greatest common divisor of 4 and n?
4
Suppose -4*j + 5*x + 18 = 0, -x + 1 + 3 = 3*j. Let f = j - -6. What is the greatest common divisor of f and 16?
8
Let i(k) = -6*k - 11. Let v be i(-3). Suppose -10 = -3*l + 4*l. Let f = l + 11. Calculate the highest common factor of f and v.
1
Let g = 244 + 869. Calculate the greatest common factor of 21 and g.
21
Suppose -2*k + 5*x + 31 = 0, 38 = k - x + 3*x. Let w be -1 + (-1 - 0)*6. Let b be 66/(-9)*w*6. What is the highest common divisor of k and b?
28
Let n = -2 + 2. Suppose -3*s + 5*b + 45 = n, 14 = -5*s + b + 67. Let m = 166 - 76. Calculate the highest common divisor of m and s.
10
Let k be 30/40 - (-5)/4. Suppose 0 = 4*q - 20 - 4. Let w be 24 - 0 - q/3. Calculate the greatest common factor of k and w.
2
Let b = 233 + -134. Suppose 4*f = -0*q + q + 87, 0 = -4*f + 5*q + b. Let g = f + -19. What is the greatest common factor of 14 and g?
2
Let z be -134*((-10)/4 + 18/12). Suppose 2*q + 5*x = 39 + 32, -z = -4*q - 2*x. Calculate the greatest common factor of q and 297.
33
Suppose 4*u = 4*f - 1630 + 370, -3*f - u = -933. Calculate the greatest common factor of f and 72.
24
Let i be (-840)/175*(0 + -60). What is the highest common divisor of i and 12?
12
Let m = 764 + -759. What is the greatest common divisor of 415 and m?
5
Let r = 283 - 188. Let l = 112 - r. What is the highest common factor of l and 17?
17
Let b be 19 + -1 + (5 - -1). What is the greatest common divisor of b and 56?
8
Suppose 9*d = 7*d - 60. Let c = -26 - d. Suppose 5*y = -c*f + 108, 0 = -2*f - 7 + 1. Calculate the greatest common divisor of y and 72.
24
Let p = -9 + 25. Let r = -12 + 9. Let n be (16/r)/(4/(-84)). Calculate the highest common divisor of p and n.
16
Let v(j) = -j**3 + 5*j**2 - j + 7. Let g be v(5). Suppose 0 = -f + g, 8 = d - f - 0. What is the greatest common factor of d and 40?
10
Let n = -1303 + 1719. Calculate the highest common factor of n and 13.
13
Let d be (-240)/(-39) - 6 - (-284)/13. Calculate the highest common factor of d and 22.
22
Suppose 5*h - 168 = 3*h. Let w = -181 - -237. What is the highest common divisor of w and h?
28
Suppose 29*p = -5*p + 1088. Calculate the highest common factor of 496 and p.
16
Suppose -16 + 12 = i - 3*g, 28 = i + 5*g. Calculate the highest common divisor of i and 88.
8
Let c be (-13312)/(-234) + (-3)/(-27). What is the greatest common divisor of c and 513?
57
Suppose -4*w - 2 = 10, 0 = -4*n + 4*w + 84. Let k be (0 - (-39)/n)/((-8)/(-48)). Calculate the greatest common divisor of k and 26.
13
Suppose -6*x = -x + 140. Let z = -20 - x. Suppose -12*s + 140 = 3*w - 16*s, -14 = -w + 6*s. Calculate the highest common factor of z and w.
8
Let m(v) = -11 + 2 - 7 - v**2 - 17*v. Let z be m(-13). What is the greatest common factor of 216 and z?
36
Suppose 4*n - 327 = -87. Let r = 20 + 4. What is the greatest common divisor of r and n?
12
Let o = -272 + 193. Let n be 17/(((-2)/(-7))/2). Let g = o + n. What is the highest common factor of g and 360?
40
Suppose -3*d - 3 = -4*d, -48 = -5*j - d. Let k(q) = 3*q**2 + 6*q + 9. Let u be k(-6). What is the greatest common factor of u and j?
9
Let s(u) = 12*u**2 - 32*u - 6. Let q be s(3). What is the highest common factor of 177 and q?
3
Suppose 3*t = n - 2074, -2350 = -n - 5*t - 260. Calculate the highest common divisor of n and 65.
65
Let r = 633 - 573. Calculate the greatest common divisor of 45 and r.
15
Let p(h) = -h**2 + 7*h + 113. Let r be p(-7). Let l = -36 + 45. Calculate the highest common factor of r and l.
3
Let v be 4*(-5)/(-25) - 3884/(-20). Calculate the highest common factor of v and 78.
39
Suppose 4*g + 29*x = 33*x + 204, 0 = -5*g - 3*x + 263. Calculate the highest common factor of g and 377.
13
Suppose -4*q = -3*f + 60, -f = -0*f - 4. Suppose -3*x - 2 = -10*o + 8*o, 0 = o + 2. Let v = x - q. Calculate the greatest common factor of 25 and v.
5
Suppose 0*c - 139 = -4*c - a, 2*a - 98 = -3*c. Let z = 58 - c. What is the greatest common factor of z and 55?
11
Let b(n) = n**3 + 10*n**2 + n + 11. Let s be b(-10). Let y be (5/15)/(s/18). Let u = y + 9. What is the greatest common factor of u and 135?
15
Let x be (77 - 2)*(-19 + 22). What is the greatest common factor of 25 and x?
25
Let y be (22/(-55))/(2/(-10)). Calculate the highest common factor of y and 6.
2
Let f(v) = -v**2 - 22*v + 26. Let y be 0 + 552/12*(-2)/4. Let l be f(y). What is the greatest common divisor of 6 and l?
3
Let a be -5 - -3 - (-2 + 1)*32. Suppose a*l - 25*l - 140 = 0. Calculate the highest common divisor of 42 and l.
14
Let h = 1079 - 467. Suppose 9*g + h = 15*g. What is the greatest common factor of g and 68?
34
Suppose m - 2 = 0, 2*f - 2*m - 74 = -3*m. What is the highest common divisor of 45 and f?
9
Let j be 9 - 8/(-40)*5. What is the highest common factor of 8 and j?
2
Let x be 524/10 - 3/(-5). Suppose 4*a - x = 3. Let r be (-7)/((1/22)/(-1)). What is the highest common divisor of a and r?
14
Suppose 46*n = -30*n + 60420. Calculate the highest common divisor of 106 and n.
53
Let d(y) = y**3 + 17*y**2 + 16*y + 12. Suppose 0 = 9*t - 14*t - 70. Let a be d(t). What is the greatest common factor of a and 47?
47
Suppose 3*y - 3*q + 4*q = 55, -5*y + 105 = -q. Let d be -3*(-74)/6*-1. Let m = d + 87. What is the greatest common divisor of m and y?
10
Let u(b) = 6*b**3 + b**2 - b + 16. Let a be u(3). Calculate the greatest common factor of 16 and a.
8
Let k(y) = -114*y - 71. Let i be k(-1). Calculate the greatest common factor of i and 172.
43
Let q be 0/(4 + -2) + 3. Suppose 162 = 14*m - 174. What is the greatest common divisor of q and m?
3
Suppose 3*p - 213 = -3*b, 7*b + 4*p - 359 = 2*b. What is the highest common divisor of b and 100?
25
Suppose 4*q - 2*x - 30 = 0, 4*x - 5 = -25. What is the greatest common factor of 295 and q?
5
Suppose -14*z = -t - 12*z + 42, 2*t + 2*z = 114. Calculate the greatest common divisor of t and 8.
4
Let p = -30 - -85. Let b = p + -35. Suppose -c = -1 - 7. Calculate the highest common factor of c and b.
4
Let k = -423 + 435. Calculate the greatest common divisor of k and 222.
6
Let y = 20 - -20. What is the highest common divisor of 160 and y?
40
Let i = -215 + 389. Let o = i + -104. Suppose 34 = 3*j + 2*u, 4*u = -4*j - 16 + 64. What is the highest common factor of j and o?
10
Let u(i) = -i**3 + 4*i**2 + 10*i - 10. Let j be u(6). Let l be 14/77 + (-1448)/j. Calculate the greatest common divisor of 6 and l.
6
Let s = -52 + 54. Suppose 107 = -d + m + 286, -2 = -s*m. Calculate the greatest common divisor of d and 20.
20
Let n(r) = 11 - r**2 - 23 - 6*r + 3 - 3*r - 8*r. Suppose -4*p = u + 35, u - 2*u = -5*p - 10. Let w be n(u). What is the greatest common divisor of 3 and w?
3
Suppose 1189 = 4*b + 5*j, 94*j = 89*j + 25. Calculate the highest common divisor of b and 194.
97
Let f be 629/3 - (-1)/3. Let h(u) = -42*u + 576. Let s be h(13). What is the highest common factor of f and s?
30
Suppose a = -5*w + 108 + 120, 3*a + 36 = w. What is the greatest common factor of 9 and w?
9
Let w be (-1426)/(-5) - 104/(-130). What is the highest common factor of 52 and w?
26
Suppose -5*t + 5*h + 200 = 0, -12*t - 170 = -16*t - h. Calculate the greatest common factor of 105 and t.
21
Suppose 11*l + 4*v = 10*l + 51, 104 = 4*l - 4*v. Calculate the greatest common divisor of 62 and l.
31
Let i = 353 - 305. Calculate the highest common divisor of 624 and i.
48
Suppose -4*j + 8 + 8 = 0. Let l = 14 - j. Calculate the greatest common divisor of 1 and l.
1
Let j = -83 + 84. Let l be j + 289/((-5)/(-5)). Suppose -28 = -u + 1. What is the highest common divisor of u and l?
29
Suppose 0 = y + 2*y + 3*p - 36, 3*y - 52 = p. Let z be (-421)/5 + 2*(-1)/(-10). Let f = z - -92. What is the highest common factor of f and y?
8
Suppose h = -2*u + 11, -5*u + 2*u = -2*h + 1. Let c be (-1)/(-3) + (-10)/(-6) + u. What is the highest common divisor of c and 1?
1
Let b be (4368/378)/(4/18). Calculate the highest common divisor of b and 2496.
52
Suppose -64 = c + 4*c - 4*r, 4*c + 51 = 3*r. Let u be 16/6 - (-1)/(c/8). What is the highest common factor of 6 and u?
2
Let b(l) = -5*l + 11. Let z be b(-6). Let k = 81 - z. Calculate the high